{"id":51,"date":"2020-06-21T22:10:23","date_gmt":"2020-06-21T22:10:23","guid":{"rendered":"https:\/\/meinneuesleben.eu\/?page_id=51"},"modified":"2021-10-16T21:39:36","modified_gmt":"2021-10-16T21:39:36","slug":"der-anfang","status":"publish","type":"page","link":"https:\/\/meinneuesleben.eu\/?page_id=51","title":{"rendered":"Der Anfang"},"content":{"rendered":"\r\n<h2 class=\"wp-block-heading\">Eigentlich fing alles im Februar 2016 an&#8230;<\/h2>\r\n\r\n\r\n\r\n<p>&#8230;ich hatte einen gr\u00f6\u00dferen zahnmedizinischen Eingriff,<br \/>mir sind einige Z\u00e4hne entfernt worden und eine Teil-Prothese eingesetzt worden. Soweit so gut &#8211; Eingriff gut \u00fcberstanden, alles in Ordnung,dachte ich &#8230; Ich ging nach einigen Tagen,\u00a0 wieder ganz normal ins B\u00fcro zum arbeiten.<br \/>Nach ca. 14 Tagen entwickelte sich ein leichter Hautausschlag,<br \/>man dachte und behandelte auf Nesselsucht.<\/p>\r\n\r\n\r\n\r\n<p>Da die &#8222;Nesselsucht&#8220; verschwand war ja auch alles wieder ok.<\/p>\r\n\r\n\r\n\r\n<p>Mitte April bekam ich eine Mandelentz\u00fcndung sowie starke Kopfschmerzen,<br \/>also ging ich zum Arzt, der mir Antibiotika verschrieb, da es sich nur um einen Infekt handelte, so der Arzt.<\/p>\r\n\r\n\r\n\r\n<p>Medikamnete eingenommen und nach einigen Tagen, der Krankschreibung war alles wieder wie gewohnt, also alles beim alten und ich ging meinem Beruf nach.<\/p>\r\n\r\n\r\n\r\n<h2 class=\"wp-block-heading\">Wie sehr man ich doch Irren kann&#8230;.<\/h2>\r\n\r\n\r\n\r\n<p>&#8230; Es war dann mitte Mai 2016.<br \/>Nach ein paar Tagen kam der Hautausschlag zur\u00fcck, nur schlimmer<br \/>es sah aus wie eine allergische Reaktion. Ja fast schon eine G\u00fcrtelrose \u00e4nlich, die es aber nicht war.<br \/>Ich ging zu einen Hautarzt der mir dann Anti-Histamin verschrieb, diese nahm ich dann logischerweise auch ein- nur leider blieb der Erfolg aus. Im Gegenteil, es wurde schlimmer, so schlimm dass ich mich blutig kratzte. Also gab\u00b4s st\u00e4rkere Mittelchen , die dann auch kurzweilig Erfolg versprachen.<br \/>Meine Chef\u00b4s dachten wie ich, das bei der Zahn-OP ein Bakterium in die Wunden eingedrungen sein muss.. Dies sollte sich aber &#8222;leider&#8220; nicht best\u00e4tigen. Der Ausschlag wurde immer st\u00e4rker, das jucken wurde unertr\u00e4glich. Da der eine Hautarzt mir nicht helfen konnt, eher noch dezent meinte &#8222;<em>man m\u00fcsse die K\u00f6rperhygine verbessern<\/em>&#8222;, ging ich zu einem anderen Hautarzt der mir eine Salbe gab. Diese linderte den Juckreiz, aber die Flecken blieben, sahen eher nach H\u00e4mathomen aus.<br \/>Nun gesellte sich seit Tagen ein Husten, der wirklich stark war, dazu. Also ging ich zu einem niedergelassenen Arzt, der auch Pneumologie als Fachzweig hatte,<br \/><em>&#8211; nach 2 Minuten anschauen &#8211; ohne mal abzuhorchen, sagte der Arzt:<\/em><br \/>&#8222;<em>Das ist nur ein grippaler Infekt, da sie raucher sind, ist es eben etwas mehr gereizt<\/em>.&#8220; Meine Haut wurde immer trockener,ich f\u00fchlte mich richtig Unwohl, der Husten immer schlimmer, dann kamen noch super starke Kopfschmerzen hinzu. Migr\u00e4ne war ein nichts dagegen. Ich bekam immer st\u00e4rkere Medikamente, die nur kurzweilig halfen.<\/p>\r\n\r\n\r\n\r\n<h2 class=\"wp-block-heading\">Nennen wir es &#8222;Leben&#8220;&#8230;.<\/h2>\r\n\r\n\r\n\r\n<p>Eines Tages ging ich zu einem Arzt, der haupts\u00e4chlich der traditionellen Medizin nachging (er praktiziert die chinesische Heilkunst, ist aber niedergelassener Arzt). Warum ich zu diesem Arzt ging kann ich gar nicht mehr genau sagen, fakt ist, ich ging dahin. Mein &#8222;<em>Leben<\/em>&#8220; beschr\u00e4nkte sich seit zwei Wochen nur noch auf folgendes: \u00a0 <em>\u00a0\u00a0<\/em><\/p>\r\n\r\n\r\n\r\n<div class=\"wp-block-group\">\r\n<div class=\"wp-block-group__inner-container is-layout-flow wp-block-group-is-layout-flow\">\r\n<p><em>* schlafen, * zur Arbeit schleppen (wenn ich diese mal durchhielt),<\/em><br \/><em>* dann auf die Couch liegen und na ja dort liegen bleiben.<\/em> <em>* Husten bis zum Erbrechen.<\/em> \u00a0 Au\u00dfer einigen Schluck Wasser, war auch kaum etwas zu Essen in meinen Magen gekommen leider ist es nicht dort geblieben.<\/p>\r\n\r\n\r\n\r\n<p><br \/>..Der o.g. Arzt untersuchte mich und fragte mich mal beil\u00e4ufig, ob ich einen HIV-Test gemacht habe,<br \/>ich sagte &#8222;<em>Ja, vor drei Jahren,\u00a0 er war negativ.<\/em>&#8222;,Er machte einige Tests, ob ich auf irgendwas allergisch reagieren w\u00fcrde.<br \/>Ok, ich wei\u00df jetzt dass ich gegen Nickel und Kobalt allergisch bin<br \/><em>&#8211; hui immerhin etwas..<\/em><br \/>Nach 3 Tagen sollte ich noch mal in seine Praxis kommen und er nahm mir noch mal Blut ab.<br \/>Ich frage, was er noch testen mag,<br \/>er sagte,<em>&#8222;Ich lasse Ihr Blut auf weitere allergene Stoffe testen&#8230;&#8220;<\/em> klang ja net so tragisch&#8230;..<\/p>\r\n<p><a href=\"https:\/\/meinneuesleben.eu\/?page_id=54\">Hier geht\u00b4s weiter<\/a><\/p>\r\n<\/div>\r\n<\/div>\r\n","protected":false},"excerpt":{"rendered":"<p>Eigentlich fing alles im Februar 2016 an&#8230; &#8230;ich hatte einen gr\u00f6\u00dferen zahnmedizinischen Eingriff,mir sind einige Z\u00e4hne entfernt worden und eine Teil-Prothese eingesetzt worden. Soweit so gut &#8211; Eingriff gut \u00fcberstanden, alles in Ordnung,dachte ich &#8230; Ich ging nach einigen Tagen,\u00a0 wieder ganz normal ins B\u00fcro zum arbeiten.Nach ca. 14 Tagen entwickelte sich ein leichter Hautausschlag,man [&hellip;]<\/p>\n","protected":false},"author":1,"featured_media":0,"parent":0,"menu_order":0,"comment_status":"closed","ping_status":"closed","template":"","meta":{"footnotes":""},"class_list":["post-51","page","type-page","status-publish","hentry"],"_links":{"self":[{"href":"https:\/\/meinneuesleben.eu\/index.php?rest_route=\/wp\/v2\/pages\/51","targetHints":{"allow":["GET"]}}],"collection":[{"href":"https:\/\/meinneuesleben.eu\/index.php?rest_route=\/wp\/v2\/pages"}],"about":[{"href":"https:\/\/meinneuesleben.eu\/index.php?rest_route=\/wp\/v2\/types\/page"}],"author":[{"embeddable":true,"href":"https:\/\/meinneuesleben.eu\/index.php?rest_route=\/wp\/v2\/users\/1"}],"replies":[{"embeddable":true,"href":"https:\/\/meinneuesleben.eu\/index.php?rest_route=%2Fwp%2Fv2%2Fcomments&post=51"}],"version-history":[{"count":4,"href":"https:\/\/meinneuesleben.eu\/index.php?rest_route=\/wp\/v2\/pages\/51\/revisions"}],"predecessor-version":[{"id":394,"href":"https:\/\/meinneuesleben.eu\/index.php?rest_route=\/wp\/v2\/pages\/51\/revisions\/394"}],"wp:attachment":[{"href":"https:\/\/meinneuesleben.eu\/index.php?rest_route=%2Fwp%2Fv2%2Fmedia&parent=51"}],"curies":[{"name":"wp","href":"https:\/\/api.w.org\/{rel}","templated":true}]}}